{"id":21848,"date":"2023-05-04T18:09:30","date_gmt":"2023-05-04T18:09:30","guid":{"rendered":"https:\/\/the-v-company.com\/?post_type=product&#038;p=21848"},"modified":"2024-11-26T19:20:28","modified_gmt":"2024-11-26T19:20:28","slug":"classic-crew-madriz","status":"publish","type":"product","link":"https:\/\/the-v-company.com\/index.php\/producto\/classic-crew-madriz\/","title":{"rendered":"Classic crew &#8211; Madriz"},"content":{"rendered":"\t\t<div data-elementor-type=\"wp-post\" data-elementor-id=\"21848\" class=\"elementor elementor-21848\">\n\t\t\t\t\t\t<section class=\"elementor-section elementor-top-section elementor-element elementor-element-31ade4f elementor-section-boxed elementor-section-height-default elementor-section-height-default elementor-section-column-vertical-align-stretch\" data-id=\"31ade4f\" data-element_type=\"section\" data-e-type=\"section\">\n\t\t\t\t\t\t<div class=\"elementor-container elementor-column-gap-no\">\n\t\t\t\t\t<div class=\"elementor-column elementor-col-100 elementor-top-column elementor-element elementor-element-3dd3129\" data-id=\"3dd3129\" data-element_type=\"column\" data-e-type=\"column\">\n\t\t\t<div class=\"elementor-widget-wrap elementor-element-populated\">\n\t\t\t\t\t\t<div class=\"elementor-element elementor-element-0e72a40 elementor-icon-list--layout-traditional elementor-list-item-link-full_width elementor-widget elementor-widget-icon-list\" data-id=\"0e72a40\" data-element_type=\"widget\" data-e-type=\"widget\" data-widget_type=\"icon-list.default\">\n\t\t\t\t<div class=\"elementor-widget-container\">\n\t\t\t\t\t\t\t<ul class=\"elementor-icon-list-items\">\n\t\t\t\t\t\t\t<li class=\"elementor-icon-list-item\">\n\t\t\t\t\t\t\t\t\t\t<span class=\"elementor-icon-list-text\"><\/span>\n\t\t\t\t\t\t\t\t\t<\/li>\n\t\t\t\t\t\t<\/ul>\n\t\t\t\t\t\t<\/div>\n\t\t\t\t<\/div>\n\t\t\t\t<div class=\"elementor-element elementor-element-33f3902 elementor-widget elementor-widget-text-editor\" data-id=\"33f3902\" data-element_type=\"widget\" data-e-type=\"widget\" data-widget_type=\"text-editor.default\">\n\t\t\t\t<div class=\"elementor-widget-container\">\n\t\t\t\t\t\t\t\t\t<p>La sudadera negra sin capucha de The V Company es una prenda de vestir cl\u00e1sica y elegante que es ideal para cualquier ocasi\u00f3n casual o deportiva. Con un dise\u00f1o minimalista y moderno, esta sudadera es perfecta para aquellos que buscan un estilo fresco y actual.<\/p>\n<p>La sudadera est\u00e1 hecha de materiales de alta calidad, como algod\u00f3n o poli\u00e9ster, lo que garantiza durabilidad y comodidad durante todo el d\u00eda. Su corte es ajustado y favorecedor, lo que permite que la prenda se ajuste perfectamente al cuerpo.<\/p>\t\t\t\t\t\t\t\t<\/div>\n\t\t\t\t<\/div>\n\t\t\t\t\t<\/div>\n\t\t<\/div>\n\t\t\t\t\t<\/div>\n\t\t<\/section>\n\t\t\t\t<\/div>\n\t\t","protected":false},"excerpt":{"rendered":"<p>La sudadera negra sin capucha de The V Company es una prenda de vestir cl\u00e1sica y elegante que es ideal para cualquier ocasi\u00f3n casual o deportiva. Con un dise\u00f1o minimalista y moderno, esta sudadera es perfecta para aquellos que buscan un estilo fresco y actual. La sudadera est\u00e1 hecha de materiales de alta calidad, como algod\u00f3n o poli\u00e9ster, lo que garantiza durabilidad y comodidad durante todo el d\u00eda. Su corte es ajustado y favorecedor, lo que permite que la prenda se ajuste perfectamente al cuerpo.<\/p>\n","protected":false},"featured_media":22981,"comment_status":"open","ping_status":"closed","template":"","meta":[],"product_brand":[],"product_cat":[44,160],"product_tag":[161],"class_list":{"0":"post-21848","1":"product","2":"type-product","3":"status-publish","4":"has-post-thumbnail","6":"product_cat-ofertas","7":"product_cat-sudaderas","8":"product_tag-sudaderas","10":"first","11":"instock","12":"taxable","13":"shipping-taxable","14":"purchasable","15":"product-type-variable"},"_links":{"self":[{"href":"https:\/\/the-v-company.com\/index.php\/wp-json\/wp\/v2\/product\/21848","targetHints":{"allow":["GET"]}}],"collection":[{"href":"https:\/\/the-v-company.com\/index.php\/wp-json\/wp\/v2\/product"}],"about":[{"href":"https:\/\/the-v-company.com\/index.php\/wp-json\/wp\/v2\/types\/product"}],"replies":[{"embeddable":true,"href":"https:\/\/the-v-company.com\/index.php\/wp-json\/wp\/v2\/comments?post=21848"}],"version-history":[{"count":10,"href":"https:\/\/the-v-company.com\/index.php\/wp-json\/wp\/v2\/product\/21848\/revisions"}],"predecessor-version":[{"id":22450,"href":"https:\/\/the-v-company.com\/index.php\/wp-json\/wp\/v2\/product\/21848\/revisions\/22450"}],"wp:featuredmedia":[{"embeddable":true,"href":"https:\/\/the-v-company.com\/index.php\/wp-json\/wp\/v2\/media\/22981"}],"wp:attachment":[{"href":"https:\/\/the-v-company.com\/index.php\/wp-json\/wp\/v2\/media?parent=21848"}],"wp:term":[{"taxonomy":"product_brand","embeddable":true,"href":"https:\/\/the-v-company.com\/index.php\/wp-json\/wp\/v2\/product_brand?post=21848"},{"taxonomy":"product_cat","embeddable":true,"href":"https:\/\/the-v-company.com\/index.php\/wp-json\/wp\/v2\/product_cat?post=21848"},{"taxonomy":"product_tag","embeddable":true,"href":"https:\/\/the-v-company.com\/index.php\/wp-json\/wp\/v2\/product_tag?post=21848"}],"curies":[{"name":"wp","href":"https:\/\/api.w.org\/{rel}","templated":true}]}}