{"id":21930,"date":"2023-05-05T01:47:22","date_gmt":"2023-05-05T01:47:22","guid":{"rendered":"https:\/\/the-v-company.com\/?page_id=21930"},"modified":"2023-05-06T08:21:48","modified_gmt":"2023-05-06T08:21:48","slug":"politica-de-envios-y-entregas-2","status":"publish","type":"page","link":"https:\/\/the-v-company.com\/index.php\/politica-de-envios-y-entregas-2\/","title":{"rendered":"Pol\u00edtica de env\u00edos y entregas"},"content":{"rendered":"\t\t<div data-elementor-type=\"wp-page\" data-elementor-id=\"21930\" class=\"elementor elementor-21930\">\n\t\t\t\t\t\t<section class=\"elementor-section elementor-top-section elementor-element elementor-element-60e626d4 elementor-section-boxed elementor-section-gap-beside-yes elementor-section-height-default elementor-section-height-default elementor-section-column-vertical-align-stretch\" data-id=\"60e626d4\" data-element_type=\"section\" data-e-type=\"section\">\n\t\t\t\t\t\t<div class=\"elementor-container elementor-column-gap-extended\">\n\t\t\t\t\t<div class=\"elementor-column elementor-col-100 elementor-top-column elementor-element elementor-element-3f09025c\" data-id=\"3f09025c\" data-element_type=\"column\" data-e-type=\"column\">\n\t\t\t<div class=\"elementor-widget-wrap elementor-element-populated\">\n\t\t\t\t\t\t<div class=\"elementor-element elementor-element-586608f0 elementor-widget elementor-widget-text-editor\" data-id=\"586608f0\" data-element_type=\"widget\" data-e-type=\"widget\" data-widget_type=\"text-editor.default\">\n\t\t\t\t<div class=\"elementor-widget-container\">\n\t\t\t\t\t\t\t\t\t<h1>Pol\u00edtica de env\u00edos y entregas<\/h1><p class=\"p1\"><b>*<\/b>\u00a0Cantidad a partir de la cual el env\u00edo es gratuito. Se calcula al final del pedido despu\u00e9s de aplicar descuentos y\/o promociones. Si al aplicar un descuento el total del pedido no llega al m\u00ednimo para env\u00edo gratuito, el sistema cobrar\u00e1 gastos.<\/p><p class=\"p1\"><b>**<\/b>\u00a0Tiempo de entrega del pedido. El plazo de entrega es de 24-48 horas h\u00e1biles desde que sale de nuestro almac\u00e9n. En algunos destinos, debido a su localizaci\u00f3n, puede demorarse en 2 o 3 d\u00edas adicionales.<\/p><p class=\"p1\"><b>***<\/b>\u00a0Eligiendo la modalidad de env\u00edo express te aseguras la salida del pedido en el mismo d\u00eda (siempre y cuando cumpla las condiciones generales). El plazo de entrega es de 24 horas h\u00e1biles desde que sale de nuestro almac\u00e9n. En algunos destinos, debido a su localizaci\u00f3n, puede demorarse en 1 o 2 d\u00edas adicionales.<\/p><p class=\"p2\"><i>CONDICIONES DE ENV\u00cdO GENERALES<\/i><\/p><p class=\"p1\">Los plazos de entrega se cuentan desde el momento en el que el pedido sale de nuestro almac\u00e9n lo cual te notificaremos por email. Normalmente los pedidos que se realicen antes de las\u00a0<b>16:00h\u00a0(antes de las 14:00h durante los meses de julio y agosto)<\/b>\u00a0ser\u00e1n enviados ese mismo d\u00eda y se entregar\u00e1n en un plazo de 24 a 48h (d\u00edas h\u00e1biles).<\/p><p class=\"p1\">Los pedidos realizados el Viernes hasta las 16:00h\u00a0(hasta las 14:00h durante los meses de julio y agosto) se entregar\u00e1n a partir del Lunes y los realizados a partir de las 16:00h\u00a0(a partir de las 14:00h en julio y agosto) ser\u00e1n enviados el Lunes y entregados a partir del Martes.<\/p><p class=\"p1\">En per\u00edodos promocionales (ejemplo: d\u00edas antes y despu\u00e9s del Black Friday), los env\u00edos pueden sufrir un ligero retraso debido al gran volumen de pedidos que se gestionan durante ese periodo de tiempo.<\/p><p class=\"p1\">En algunos casos y seg\u00fan disponibilidad de producto, nuestro equipo de atenci\u00f3n al cliente se pondr\u00e1 en contacto para darte una soluci\u00f3n e informarte del plazo de entrega una vez est\u00e9 disponible el producto.<\/p><p class=\"p1\">La empresa de mensajer\u00eda entrega habitualmente en horario comercial, pero si necesitas alg\u00fan horario concreto de entrega puedes indicarlo en<\/p>\t\t\t\t\t\t\t\t<\/div>\n\t\t\t\t<\/div>\n\t\t\t\t\t<\/div>\n\t\t<\/div>\n\t\t\t\t\t<\/div>\n\t\t<\/section>\n\t\t\t\t<\/div>\n\t\t","protected":false},"excerpt":{"rendered":"<p>Pol\u00edtica de env\u00edos y entregas *\u00a0Cantidad a partir de la cual el env\u00edo es gratuito. Se calcula al final del pedido despu\u00e9s de aplicar descuentos y\/o promociones. Si al aplicar un descuento el total del pedido no llega al m\u00ednimo para env\u00edo gratuito, el sistema cobrar\u00e1 gastos. **\u00a0Tiempo de entrega del pedido. El plazo de entrega es de 24-48 horas h\u00e1biles desde que sale de nuestro almac\u00e9n. En algunos destinos, debido a su localizaci\u00f3n, puede demorarse en 2 o 3 d\u00edas adicionales. ***\u00a0Eligiendo la modalidad de env\u00edo express te aseguras la salida del pedido en el mismo d\u00eda (siempre y cuando cumpla las condiciones generales). El plazo de entrega es de 24 horas h\u00e1biles desde que sale de nuestro almac\u00e9n. En algunos destinos, debido a su localizaci\u00f3n, puede demorarse en 1 o 2 d\u00edas adicionales. CONDICIONES DE ENV\u00cdO GENERALES Los plazos de entrega se cuentan desde el momento en el que el pedido sale de nuestro almac\u00e9n lo cual te notificaremos por email. Normalmente los pedidos que se realicen antes de las\u00a016:00h\u00a0(antes de las 14:00h durante los meses de julio y agosto)\u00a0ser\u00e1n enviados ese mismo d\u00eda y se entregar\u00e1n en un plazo de 24 a 48h (d\u00edas h\u00e1biles). Los pedidos realizados el Viernes hasta las 16:00h\u00a0(hasta las 14:00h durante los meses de julio y agosto) se entregar\u00e1n a partir del Lunes y los realizados a partir de las 16:00h\u00a0(a partir de las 14:00h en julio y agosto) ser\u00e1n enviados el Lunes y entregados a partir del Martes. En per\u00edodos promocionales (ejemplo: d\u00edas antes y despu\u00e9s del Black Friday), los env\u00edos pueden sufrir un ligero retraso debido al gran volumen de pedidos que se gestionan durante ese periodo de tiempo. En algunos casos y seg\u00fan disponibilidad de producto, nuestro equipo de atenci\u00f3n al cliente se pondr\u00e1 en contacto para darte una soluci\u00f3n e informarte del plazo de entrega una vez est\u00e9 disponible el producto. La empresa de mensajer\u00eda entrega habitualmente en horario comercial, pero si necesitas alg\u00fan horario concreto de entrega puedes indicarlo en<\/p>\n","protected":false},"author":2,"featured_media":0,"parent":0,"menu_order":0,"comment_status":"closed","ping_status":"closed","template":"","meta":{"footnotes":""},"class_list":["post-21930","page","type-page","status-publish","hentry","post-no-thumbnail"],"_links":{"self":[{"href":"https:\/\/the-v-company.com\/index.php\/wp-json\/wp\/v2\/pages\/21930","targetHints":{"allow":["GET"]}}],"collection":[{"href":"https:\/\/the-v-company.com\/index.php\/wp-json\/wp\/v2\/pages"}],"about":[{"href":"https:\/\/the-v-company.com\/index.php\/wp-json\/wp\/v2\/types\/page"}],"author":[{"embeddable":true,"href":"https:\/\/the-v-company.com\/index.php\/wp-json\/wp\/v2\/users\/2"}],"replies":[{"embeddable":true,"href":"https:\/\/the-v-company.com\/index.php\/wp-json\/wp\/v2\/comments?post=21930"}],"version-history":[{"count":4,"href":"https:\/\/the-v-company.com\/index.php\/wp-json\/wp\/v2\/pages\/21930\/revisions"}],"predecessor-version":[{"id":22025,"href":"https:\/\/the-v-company.com\/index.php\/wp-json\/wp\/v2\/pages\/21930\/revisions\/22025"}],"wp:attachment":[{"href":"https:\/\/the-v-company.com\/index.php\/wp-json\/wp\/v2\/media?parent=21930"}],"curies":[{"name":"wp","href":"https:\/\/api.w.org\/{rel}","templated":true}]}}